8. What are the prime factors of p?
2, 7
Let d = 43 - 33. What are the prime factors of d?
2, 5
Suppose -3*c = -5*d + 821, -6*d + 3*d + 2*c = -493. What are the prime factors of d?
163
Let p = -11 - -19. Let b be ((-6)/(-8))/(1/p). Let n = b + -2. What are the prime factors of n?
2
Let y(f) = f - 2. Let h be y(5). Suppose -2*x = 2*p - 6, -x = -h*x - 3*p + 11. List the prime factors of (-58)/(-10) - x/10.
2, 3
Let p(i) = i + 31. List the prime factors of p(-13).
2, 3
Let a = -52 - -90. What are the prime factors of a?
2, 19
Suppose 4*w - 444 = 4*l, -3*l - 9 = -0*l. Suppose -15 = 5*t, -w = -3*y - t - t. What are the prime factors of y?
2, 19
Let t = 168 - 80. List the prime factors of t.
2, 11
Let a(f) = 2*f**3 - f + 1. Let i be a(1). Suppose 0 = -i*b + 12 + 52. List the prime factors of b.
2
Let t(q) = -2*q**2 + 3*q + 4. Let v(w) = 4*w**2 - 6*w - 8. Let n(h) = -7*t(h) - 3*v(h). What are the prime factors of n(3)?
5
Let c(b) = 2*b**2 + 5*b - 24. What are the prime factors of c(6)?
2, 3, 13
Let x(f) = -f - 3. Let g be (12/10)/(6/40). Suppose -4*v + g*v + 36 = 0. List the prime factors of x(v).
2, 3
List the prime factors of 394/6 - (-4)/(-6).
5, 13
Let s = 71 - 23. What are the prime factors of s?
2, 3
Suppose 0 = 5*u - 3*n - 15, -2*u - u = 2*n - 9. Suppose -p + u + 0 = 0. What are the prime factors of p?
3
Let q(k) be the third derivative of -4/3*k**3 + 7/60*k**5 + 0 + 0*k - 2*k**2 - 1/6*k**4 - 1/120*k**6. What are the prime factors of q(6)?
2
Suppose 51 = 3*j - 12. List the prime factors of j.
3, 7
Let t(y) = 251*y + 3. What are the prime factors of t(1)?
2, 127
Suppose -2*k + 10 = -0*k. Suppose -k*v + 25 = -65. Let m = -6 + v. List the prime factors of m.
2, 3
Let g = 120 - 75. What are the prime factors of g?
3, 5
Let d(n) = 31*n**3 - 4*n**2 - 5*n + 6. What are the prime factors of d(2)?
2, 3, 19
Let s(o) = -8*o - 2. Let v be s(-2). What are the prime factors of 4/14 - (-122)/v?
3
Suppose h - 5*h + 8 = 0. Suppose 4*x + h = -6, -4*d - 4*x + 28 = 0. What are the prime factors of d?
3
List the prime factors of 134/6 - (-1)/(-3).
2, 11
Suppose 3*c + 4*l + 60 = 7*c, 2*c + 4*l - 18 = 0. List the prime factors of c.
13
Suppose 2*n - 5*u - 64 = -0*u, -4*n + 76 = 3*u. Suppose k - 5 = x - n, 5*x + 4*k - 76 = 0. Let t = x - 6. What are the prime factors of t?
2, 5
Let m(t) = 11*t + 4. What are the prime factors of m(12)?
2, 17
Let f = 5 + -1. Let z(g) = g**2 - 4*g + 6. What are the prime factors of z(f)?
2, 3
Let g be 0 + (-6 - -2) + 28. Let n(f) = -f**2 + f + 6. Let i be n(5). Let y = g + i. What are the prime factors of y?
2, 5
Suppose 0 = -b - 13*b + 3178. What are the prime factors of b?
227
Suppose -2*t + 5*v = 11, 0 = -3*v - 1 + 10. List the prime factors of t - 5/((-15)/81).
29
Let q = -22 + 64. What are the prime factors of q?
2, 3, 7
Suppose 86 = -0*h + 2*h. What are the prime factors of h?
43
Let g(r) = r**2 + r + 17. Let p be g(0). Let k = p + -14. List the prime factors of k.
3
Let m = -157 + 349. What are the prime factors of m?
2, 3
Suppose v = -0*v + 20. List the prime factors of v.
2, 5
List the prime factors of 1814/18 + (-58)/(-18) + -3.
101
Suppose q - 19 = 5. Suppose x - q = -3*x. Let i(w) = w**3 - 7*w**2 + 6*w + 5. What are the prime factors of i(x)?
5
Let a(x) = 3*x**2 + 9. List the prime factors of a(6).
3, 13
Let l(q) = -q**3 - 5*q**2 - 2*q + 3. List the prime factors of l(-6).
3, 17
Let p be 1/(1*-2)*30. What are the prime factors of (20/p)/((-2)/9)?
2, 3
Let b = 88 - 44. Suppose -4 = 4*t - b. Suppose -2*q + 0*q = -t. What are the prime factors of q?
5
Let k = 447 + -292. List the prime factors of k.
5, 31
Let r be 14/10 - 16/40. Let y(v) = 31*v**3 - v**2 + 2*v - 1. What are the prime factors of y(r)?
31
Suppose 11*q - 797 - 1601 = 0. What are the prime factors of q?
2, 109
Suppose 4*k - 28 = 5*p + 25, 3*k - 57 = -2*p. What are the prime factors of k?
17
Let p(g) = -g**3 + 11*g**2 + 11*g + 15. Let r be p(12). Suppose 47 = r*m - 5*x, 0*m - 2*x - 30 = -2*m. What are the prime factors of m?
2, 7
Let i = 9 - 4. Let s(w) = -w**2 + 6*w - 5. Let g be s(i). What are the prime factors of (g - -1) + 2*5?
11
List the prime factors of (-80)/6*15/(-10).
2, 5
Let w(b) = -b**3 + 10*b**2 + 3. What are the prime factors of w(10)?
3
Let h(b) = -2*b**3 - 3*b**2 + 3. Let x be h(-3). What are the prime factors of x/(-45)*(-1 - 20)?
2, 7
Suppose 0*c + 14 = r + 2*c, c = 4*r - 29. Let f(v) = v. What are the prime factors of f(r)?
2
Let r = -3 + 7. Let p be (2 + 38)*3/r. Let d = p - 16. List the prime factors of d.
2, 7
Let p = -7 + 4. List the prime factors of (30 - -3) + p + -2.
2, 7
Suppose -b = p - 4*p - 77, -5*b + 385 = 3*p. What are the prime factors of b?
7, 11
Suppose -p + 16 = 5*s, -2*p = 11*s - 7*s - 50. List the prime factors of p.
31
Suppose -45 = -z + 91. List the prime factors of z.
2, 17
Let a = 87 + -36. What are the prime factors of a?
3, 17
Let u be (-1)/4 + (-5)/(-4). Suppose 0 = k - 10 - u. Let a = 15 - k. What are the prime factors of a?
2
Let p = 122 + -54. Suppose -2*y - 2*y + p = 0. List the prime factors of y.
17
Let w be (-1)/(-3) + (-1)/3. Suppose w*a + 44 = 2*a. What are the prime factors of a?
2, 11
Suppose 0 = 7*x - 44 - 5. List the prime factors of x.
7
Let v be 1/((-2)/60*-2). Suppose -y = 2*t - 0*t - v, 0 = -3*y + 15. Suppose -q = 5*u - 22, -t = -4*u + 3. What are the prime factors of q?
2, 3
Let i = 65 + -37. Suppose -3*d = -4*j + 62, -i + 6 = -j + 4*d. What are the prime factors of j?
2, 7
Suppose -650 = 63*u - 68*u. What are the prime factors of u?
2, 5, 13
Suppose 12*c = 13*c - 77. List the prime factors of c.
7, 11
Let g(v) be the first derivative of -5*v**2/2 - 11*v + 2. List the prime factors of g(-9).
2, 17
Let g(f) = f**2 + f + 3. Let n be g(-3). Let h = -4 + n. Suppose -2*x - 5*d - 10 = 3*x, -h*x + d = -14. List the prime factors of x.
2
Let j = 1 - -4. Suppose -j*z = -20, 4*z - 28 = -3*o - 0*o. Suppose o*k = -k - 5*d + 45, 2*d = 0. What are the prime factors of k?
3
Suppose 2*t = 3*o + 1 - 0, 0 = 5*o + 2*t - 25. Suppose z + 37 = o*l, 0 = -2*l - 2*z + z + 23. List the prime factors of l.
2, 3
Let h(g) = -g**2 + 3*g + 2. Suppose -3*y - 8 - 7 = 0. Let u = -2 - y. What are the prime factors of h(u)?
2
Suppose -4 = -3*j + 2. What are the prime factors of ((-4)/1)/((-1)/j)?
2
Let r be 136 - 4/(1 + -3). Suppose 0*y = 3*y - r. List the prime factors of y.
2, 23
Let x = -6 - -2. Let l be (32/3)/(x/(-18)). Suppose -u = -5*o + 36, 2*o + 4*u - l = -2*o. What are the prime factors of o?
2
Let r(b) = -7*b**3 + b**2 + b + 4. What are the prime factors of r(-2)?
2, 31
Suppose 5*f - 67 = -12. Let t = f + -2. List the prime factors of t.
3
Suppose 0*b = 5*u + b - 62, 4*b = -u + 1. What are the prime factors of u?
13
Suppose -2*f + f = 2, 4*f = -4*m + 12. Suppose m*z + 0*z - 80 = 0. List the prime factors of z.
2
Suppose 0 = -5*x + 2*j - 6*j + 25, 0 = -x + 5*j + 5. Let m = x - 7. What are the prime factors of 2/m - 24/(-2)?
11
Suppose -18*c = -12*c - 672. List the prime factors of c.
2, 7
Let m = -8 + 14. Let n(a) = a**3 - 6*a**2 + 5*a - 8. What are the prime factors of n(m)?
2, 11
List the prime factors of (-2)/(-5) - 219/(-15).
3, 5
What are the prime factors of 44 - -3*(-1)/(-1)?
47
Suppose -5*y = -4*l + 166, l = 4*y + 2*l + 137. Let h = y + 54. What are the prime factors of h?
2, 5
What are the prime factors of (-2)/(-2*2/60)?
2, 3, 5
Let v = -1 - -2. Let l(y) = 10*y**2 - 2*y + 1. Let i be l(v). Suppose -3*t + i + 12 = 0. What are the prime factors of t?
7
Let n = -98 + 150. Suppose 5*a = a + n. List the prime factors of a.
13
Suppose 2*g - 106 = 5*o, -g + 15 = 4*g. Let y = o - -23. List the prime factors of y.
3
Let b be 11/(-4) - 1/4. List the prime factors of (32/(-6))/(b/18).
2
Let k(h) = 14*h**2 - 6*h - 21. What are the prime factors of k(-4)?
227
Let k(n) = n**2 - n + 13. Let z be k(0). Let v = z - 6. List the prime factors of v.
7
Suppose 5*s - 10 = -0. Let d(a) = 2*a**3 - 4*a**2 + 3*a - 1. Let o be d(s). Suppose 0 = o*q - 6*q + 10. What are the prime factors of q?
2, 5
Suppose -4*t = -0*t. Suppose 5*k + 8 = -3*r - r, -10 = 5*r. Suppose 4*w + k*w - 32 = t. What are the prime factors of w?
2
Suppose 3*y - 3*o = 15, 0*y - 5*o - 7 = 4*y. Let d = 11 - y. List the prime factors of d.
3
Let f(l) be the first derivative